t common factor of 4 and r?
2
Let l(b) = b**3 - 2*b**2 - b + 1. Let p be l(1). Let x be (116/(-4 + 2))/p. Suppose -x = -z - 9. What is the highest common factor of 7 and z?
7
Suppose -4*d - m = -12, 5*d - 20 = d + m. What is the highest common divisor of d and 16?
4
Suppose 9*m + 659 = 14*m + 4*c, -3*m + 401 = c. What is the greatest common divisor of 45 and m?
45
Suppose -11*q + 88 = -9*q. What is the highest common divisor of 22 and q?
22
Suppose s = 6 - 0. What is the greatest common divisor of 54 and s?
6
Suppose -10*d = -5*d - 35. Let v = 19 - d. Calculate the highest common divisor of 12 and v.
12
Let m be (-14)/(-7) - 0/2. Suppose 0 = m*n - 3*n + 115. Calculate the greatest common divisor of n and 46.
23
Let k(u) = u**2 + u - 1. Let g be k(-8). Let w(q) = q**3 - 4*q**2 + 5*q + 2. Let l be w(4). Calculate the greatest common factor of l and g.
11
Suppose 3*c = 2*c - 5*q + 154, 0 = 4*c - 3*q - 708. Let n(t) = 49*t - 1. Let o be n(5). Let y = o - c. What is the highest common factor of 14 and y?
14
Let h = 85 - 58. Let o(z) = z**2 + 3*z - 1. Let r be o(-4). What is the greatest common divisor of h and r?
3
Let q(z) = -4*z - 5. Let i be q(-4). What is the highest common divisor of i and 11?
11
Suppose 0*x - x + 9 = 0. Let v be (-103)/(-5) - (-2)/5. Suppose 4*m = 51 + v. Calculate the greatest common divisor of m and x.
9
Suppose -7*r + 2*r + 175 = 0. Let g = r - 17. Let c = -105 - -213. Calculate the highest common divisor of c and g.
18
Suppose b - 9 = -3*a, 4*b + 0*a = -5*a + 29. Calculate the greatest common divisor of 3 and b.
3
Let u(l) = -7*l. Let o be u(-2). What is the highest common divisor of o and 28?
14
Let m(s) = -4*s - 15. Let k be m(-6). Let q = 6 + 12. What is the greatest common divisor of q and k?
9
Suppose -105*c + 70 = -103*c. Calculate the greatest common divisor of c and 21.
7
Suppose -4*c = -1247 + 367. Suppose c + 95 = 3*n. What is the highest common factor of n and 15?
15
Suppose 0*n - 2*n - 5*j + 45 = 0, 0 = -j - 1. Let y = n - 7. Calculate the greatest common divisor of 18 and y.
18
Suppose 2*c + 1 = -5*d - 42, c + 4*d = -26. Let l be (-2)/c - 345/(-35). Calculate the highest common divisor of 20 and l.
10
Let k = 85 - 17. Calculate the greatest common divisor of k and 17.
17
Suppose -2*i = -2*f - 0 - 36, -2*i + 4*f = -42. What is the highest common divisor of 5 and i?
5
Suppose -j + 0*j = 10. Let u = j - -34. Calculate the greatest common factor of 3 and u.
3
Let k be 2/(-5) - 410/(-25). Let o = -4 + k. Suppose -3*b = -3*u + 333, 0 = u + 4*u - b - 543. Calculate the highest common divisor of o and u.
12
Suppose 0 = 5*f - 48 + 8. What is the greatest common factor of f and 40?
8
Let o(g) = -4*g**2 + g + 4. Let l be o(3). Let v be 4 - 3 - 0 - l. Calculate the highest common divisor of v and 12.
6
Let d = -2 - 19. Let z be (-6)/d + 780/14. Calculate the highest common divisor of z and 14.
14
Suppose 12*d - 33 = 9*d. Calculate the highest common divisor of 88 and d.
11
Let f(x) = x**2 + x**3 + 3*x + 1 - 4*x - 5*x**2 - 3*x. Let b be f(5). What is the highest common divisor of 2 and b?
2
Suppose -35 - 51 = 2*v. Let y be v/(-9) - 6/(-27). Suppose m + m + 354 = y*i, 2*i + 4*m = 156. Calculate the highest common factor of i and 8.
8
Let y = -14 - -26. Suppose 0 = 2*g - 2*r - 0*r - 154, -4*r = -y. Calculate the highest common divisor of 10 and g.
10
Let u(d) = d**2 + 7*d + 11. Let m be u(-11). Calculate the highest common divisor of m and 5.
5
Suppose 5*q - 107 - 73 = 0. Let y(h) be the first derivative of 2*h**3/3 + 3*h**2/2 + 4*h + 3. Let f be y(-4). What is the highest common divisor of q and f?
12
Let c(a) = -a**3 + 9*a**2 + 3*a - 3. Let t be c(9). What is the highest common divisor of 8 and t?
8
Let j = 25 + 35. Suppose -3*p + j = -p. Suppose 5*y - 245 = 5*w, 0*y - 5*y + 4*w + 241 = 0. Calculate the greatest common divisor of y and p.
15
Let y be (-3 - -1) + (-6)/(-2). Let n(k) = -k**3 + 6*k**2 + k - 1. Let b be n(6). Suppose -3*m = -b - 4. What is the greatest common divisor of m and y?
1
Let v(k) = -k**3 - 10*k**2 - 5*k - 15. Let g be v(-10). Suppose 4*d - 37 + 9 = 0. Calculate the highest common divisor of d and g.
7
Let h(v) = -2*v**2 + 24*v - 1. Let i be h(11). Calculate the greatest common factor of 49 and i.
7
Suppose 10*j + 3*j = 455. Calculate the greatest common factor of 175 and j.
35
Suppose 2*h + 2*p - 11 = 59, 3*h - 97 = -5*p. Suppose 3*c - 4*a = 33, 5*a - 2*a = -2*c + h. Calculate the greatest common factor of c and 135.
15
Let i = 61 - -4. What is the greatest common factor of i and 13?
13
Suppose 5*t = -12 - 3, 6 = -3*l - 5*t. Let n(f) = f**2 - f - 1. Let u be n(l). Suppose 11 = -4*r + u*r. What is the highest common factor of r and 1?
1
Suppose -22 = -2*h + h. Let r(s) = 14*s**2 + s + 1. Let l be r(-2). Calculate the highest common factor of h and l.
11
Let j(b) = b - 2. Let q(n) = n**2 - 3*n - 10. Let w be q(6). Let g be j(w). Calculate the highest common factor of g and 54.
6
Let v be -3 - 24/(-4) - -1. What is the highest common factor of v and 28?
4
Let n = -87 + 103. Suppose -4*z + 4*a + 98 = -74, -3*a + 71 = 2*z. Calculate the highest common factor of z and n.
8
Suppose -2*p + 99 = -71. Calculate the highest common factor of p and 17.
17
Let q = 1 - 8. Let i = q + 10. Let n = 0 + i. What is the highest common factor of 2 and n?
1
Let i(q) = -74*q**3 + 2*q**2 + 2*q + 1. Let b be 1/(-4) + 12/(-16). Let f be i(b). What is the greatest common factor of 30 and f?
15
Let s be (-1 + -8)*(-500)/(-30). Let n = s - -222. What is the greatest common factor of n and 9?
9
Let q be ((-20)/5)/(2/(-3)). Suppose -3*b - 2*b + 2*y = -56, -4*y + 68 = 5*b. Calculate the highest common factor of b and q.
6
Let r be (-112)/(-20) + (-2)/(-5). Let b be ((-2)/r*0)/(-2). Suppose -2*v + b*v = -32. Calculate the highest common divisor of v and 16.
16
Let l(w) = -w**3 + w**2 + 2*w + 24. Let c be 0*((-12)/4 + 4). Let q be l(c). What is the highest common factor of q and 72?
24
Let g(d) = -23*d - 2. Let y be g(-2). Let n = -3 + 7. Suppose 18 = n*k + 2. Calculate the greatest common divisor of y and k.
4
Suppose 4*t + 0 = 24. What is the greatest common factor of t and 42?
6
Let l be -14*3*12/(-14). Suppose 6*t + 3 = 27. Calculate the greatest common factor of t and l.
4
Let x = -33 + 43. What is the highest common divisor of x and 30?
10
Let z be -10*((-21)/6 + 3). Calculate the highest common divisor of z and 35.
5
Let s be (-4 - 0) + (1 - -11). Calculate the highest common divisor of s and 4.
4
Suppose -120 = -8*h - 2*h. Let f = -739 + 439. Let c = -192 - f. What is the highest common factor of c and h?
12
Suppose 113 = 5*h + 53. What is the greatest common factor of 24 and h?
12
Let b(m) = 3*m - 6. Let c be b(8). Let y be 0 + 16 - 2 - 2. Calculate the greatest common factor of c and y.
6
Suppose -2*b + 5*b + 12 = 0. Let k(r) = r**3 + r - 1. Let v be k(b). Let m = 6 - v. What is the highest common divisor of m and 15?
15
Suppose -245 - 430 = -15*o. Calculate the greatest common factor of o and 5.
5
Let j = -5 + 47. Let u be (-16)/(-6)*(-9)/6. Let i be (-8)/(-2)*(-14)/u. What is the highest common divisor of j and i?
14
Let g = 83 - 2. Calculate the greatest common divisor of g and 9.
9
Suppose -3*k - p = -348, -215 - 9 = -2*k + 2*p. What is the greatest common factor of 46 and k?
23
Suppose -5*i - 3*b + 28 = -0*i, -3*i - 3*b = -18. What is the greatest common factor of i and 5?
5
Let z = 70 + -61. Calculate the greatest common divisor of z and 81.
9
Let z(d) = 0 - 3 + 7*d - 4*d + d**2 + d**2. Let f be z(-3). Let i be ((-54)/8)/((-6)/16). Calculate the greatest common factor of f and i.
6
Suppose 243 + 333 = 3*f. Let s be ((-2)/4)/((-4)/f). Calculate the highest common factor of s and 16.
8
Let d(x) = 8*x**2 + 2*x - 5. Let f be d(4). Let v = f + -87. What is the highest common factor of 4 and v?
4
Suppose -2*l = -2*f + 40, -5*f = -0*f + 2*l - 114. What is the greatest common divisor of 110 and f?
22
Let q be (3 + -21)/((-8)/4). What is the highest common divisor of q and 45?
9
Suppose 5*l + 20 = 7*l. Suppose y - 80 = -0*y. Calculate the greatest common factor of y and l.
10
Let v be ((-7)/(-3) + -1)*-3. Let n be (0 - 2)/v*86. Suppose -4*i = -5*c - 89, 3*i + 2*c - c = n. What is the greatest common divisor of 24 and i?
8